ctors of 12505443.
3, 71, 58711
List the prime factors of 6910473.
3, 257, 8963
What are the prime factors of 72598?
2, 36299
List the prime factors of 3269404.
2, 23, 35537
List the prime factors of 15316360.
2, 5, 47, 8147
What are the prime factors of 162919?
197, 827
What are the prime factors of 121922?
2, 60961
What are the prime factors of 89594?
2, 44797
What are the prime factors of 319963?
7, 43, 1063
What are the prime factors of 950232?
2, 3, 17, 137
What are the prime factors of 458329?
677
What are the prime factors of 889589?
889589
What are the prime factors of 268821?
3, 7, 17, 251
List the prime factors of 28984632.
2, 3, 191, 6323
What are the prime factors of 29714086?
2, 14857043
List the prime factors of 84452.
2, 43, 491
List the prime factors of 245290.
2, 5, 19, 1291
List the prime factors of 136923.
3, 45641
List the prime factors of 2058025.
5, 191, 431
List the prime factors of 9137633.
773, 11821
What are the prime factors of 9353259?
3, 346417
What are the prime factors of 1764771?
3, 588257
List the prime factors of 6011334.
2, 3, 7, 19, 31
List the prime factors of 14975267.
14975267
What are the prime factors of 12997705?
5, 7, 109, 3407
What are the prime factors of 2384670?
2, 3, 5, 29, 2741
List the prime factors of 21575949.
3, 7191983
What are the prime factors of 395781?
3, 131927
What are the prime factors of 364542?
2, 3, 60757
What are the prime factors of 360604?
2, 17, 5303
What are the prime factors of 638300?
2, 5, 13, 491
What are the prime factors of 1597150?
2, 5, 17, 1879
What are the prime factors of 10974873?
3, 7, 13, 5743
List the prime factors of 83846.
2, 7, 53, 113
List the prime factors of 166316.
2, 41579
What are the prime factors of 1053394?
2, 193, 2729
What are the prime factors of 882590?
2, 5, 88259
What are the prime factors of 624786?
2, 3, 101, 1031
List the prime factors of 86391.
3, 29, 331
What are the prime factors of 1533070?
2, 5, 7, 11, 181
List the prime factors of 39878606.
2, 19, 1049437
List the prime factors of 451674.
2, 3, 23, 1091
What are the prime factors of 7270226?
2, 3635113
List the prime factors of 409618.
2, 11, 43, 433
List the prime factors of 8900684.
2, 13, 171167
List the prime factors of 53300.
2, 5, 13, 41
What are the prime factors of 3641493?
3, 797, 1523
What are the prime factors of 118934?
2, 59467
List the prime factors of 7713099.
3, 857011
What are the prime factors of 701758?
2, 67, 5237
What are the prime factors of 1794074?
2, 401, 2237
List the prime factors of 8828304.
2, 3, 17, 31, 349
What are the prime factors of 359529?
3, 37, 41, 79
List the prime factors of 1106641.
839, 1319
List the prime factors of 1733843.
1733843
What are the prime factors of 372704?
2, 19, 613
List the prime factors of 23679660.
2, 3, 5, 29, 31, 439
List the prime factors of 8837141.
29, 304729
List the prime factors of 202603.
83, 2441
List the prime factors of 9425105.
5, 1885021
List the prime factors of 1894271.
1894271
What are the prime factors of 2009230?
2, 5, 17, 53, 223
List the prime factors of 858031.
137, 6263
What are the prime factors of 530726?
2, 7, 167, 227
What are the prime factors of 1359312?
2, 3, 28319
List the prime factors of 17298871.
199, 86929
List the prime factors of 193374.
2, 3, 3581
What are the prime factors of 4652201?
31, 47, 103
What are the prime factors of 7621907?
19, 467, 859
What are the prime factors of 5531307?
3, 17, 108457
What are the prime factors of 1198393?
7, 37, 661
List the prime factors of 6408421.
23, 278627
List the prime factors of 7807925.
5, 23, 37, 367
What are the prime factors of 7839301?
37, 211873
List the prime factors of 2714130.
2, 3, 5, 53, 569
List the prime factors of 7642741.
17, 463, 971
List the prime factors of 2241722.
2, 7, 17, 9419
List the prime factors of 1820641.
1820641
List the prime factors of 595807.
595807
List the prime factors of 8167032.
2, 3, 67, 1693
List the prime factors of 13423559.
23, 149, 3917
List the prime factors of 432646.
2, 137, 1579
What are the prime factors of 602345?
5, 53, 2273
What are the prime factors of 326186?
2, 7, 23, 1013
What are the prime factors of 21969152?
2, 85817
What are the prime factors of 411467?
7, 43, 1367
List the prime factors of 216769.
7, 173, 179
What are the prime factors of 2140809?
3, 11, 29, 2237
List the prime factors of 1840052.
2, 460013
List the prime factors of 2184322.
2, 7, 31, 719
What are the prime factors of 133551?
3, 11, 19, 71
List the prime factors of 143034.
2, 3, 31, 769
List the prime factors of 119225.
5, 19, 251
What are the prime factors of 4594774?
2, 2297387
What are the prime factors of 1885394?
2, 7, 137, 983
What are the prime factors of 351727?
351727
List the prime factors of 991828.
2, 247957
What are the prime factors of 122657?
173, 709
List the prime factors of 757169.
7, 19, 5693
What are the prime factors of 2652173?
53, 163, 307
List the prime factors of 1660742.
2, 347, 2393
List the prime factors of 1815523.
1815523
What are the prime factors of 12606191?
13, 191, 5077
List the prime factors of 11950945.
5, 199, 12011
What are the prime factors of 12098980?
2, 5, 604949
List the prime factors of 1741235.
5, 348247
List the prime factors of 95412.
2, 3, 7951
What are the prime factors of 481819?
13, 2851
What are the prime factors of 5540646?
2, 3, 923441
What are the prime factors of 23340770?
2, 5, 2334077
What are the prime factors of 13242147?
3, 4414049
List the prime factors of 43655.
5, 8731
What are the prime factors of 8348383?
8348383
What are the prime factors of 23828159?
23828159
What are the prime factors of 1401401?
1401401
List the prime factors of 1123103.
373, 3011
List the prime factors of 1728151.
23, 227, 331
List the prime factors of 18990336.
2, 3, 79, 313
What are the prime factors of 283481?
11, 25771
What are the prime factors of 548431?
13, 42187
List the prime factors of 33749574.
2, 3, 5624929
List the prime factors of 1688500.
2, 5, 11, 307
What are the prime factors of 1937030?
2, 5, 193703
What are the prime factors of 1656406?
2, 163, 5081
List the prime factors of 230722.
2, 115361
List the prime factors of 104084.
2, 26021
List the prime factors of 825800.
2, 5, 4129
List the prime factors of 17754035.
5, 13, 17, 16067
What are the prime factors of 1215710?
2, 5, 121571
List the prime factors of 203968.
2, 3187
List the prime factors of 67420.
2, 5, 3371
What are the prime factors of 4236028?
2, 1059007
List the prime factors of 1722162.
2, 3, 13, 22079
List the prime factors of 38950.
2, 5, 19, 41
List the prime factors of 1044941.
1044941
What are the prime factors of 5562388?
2, 13, 41, 2609
List the prime factors of 1037176.
2, 7, 18521
List the prime factors of 8956749.
3, 2985583
What are the prime factors of 590207?
590207
List the prime factors of 9463934.
2, 17, 37, 7523
What are the prime factors of 18091880?
2, 5, 452297
List the prime factors of 3573741.
3, 1191247
What are the prime factors of 14320376?
2, 7, 19, 43, 313
List the prime factors of 24002323.
24002323
List the prime factors of 2206680.
2, 3, 5, 7, 37, 71
What are the prime factors of 3969721?
7, 17, 33359
What are the prime factors of 1097793?
3, 13553
What are the prime factors of 9781947?
3, 7, 155269
What are the prime factors of 31401169?
73, 443, 971
What are the prime factors of 23124140?
2, 5, 13, 19, 31, 151
What are the prime factors of 24941296?
2, 1558831
What are the prime factors of 997932?
2, 3, 13, 6397
What are the prime factors of 516178?
2, 13, 19853
List the prime factors of 321175.
5, 29, 443
List the prime factors of 7681193.
13, 379, 1559
What are the prime factors of 15062388?
2, 3, 11, 53, 2153
List the prime factors of 32518460.
2, 5, 13, 181, 691
List the prime factors of 216425.
5, 11, 787
List the prime factors of 5346712.
2, 7, 307, 311
What are the prime factors of 1865035?
5, 373007
What are the prime factors of 437948?
2, 7, 15641
What are the prime factors of 2924738?
2, 79, 107, 173
List the prime factors of 449092.
2, 7, 43, 373
List the prime factors of 609252.
2, 3, 7, 7253
List the prime factors of 7607226.
2, 3, 11, 79, 1459
What are the prime factors of 1661337?
3, 37, 1663
List the prime factors of 705995.
5, 141199
List the prime 